8?
True
Is 49 a factor of 915183?
False
Is 495 a factor of 15193035?
True
Is 441 a factor of 715875741?
True
Is 11 a factor of 58965335?
True
Is 6544139 a multiple of 8?
False
Is 1584850449 a multiple of 1599?
True
Is 103 a factor of 122554859?
True
Is 12341646 a multiple of 213?
True
Is 120 a factor of 337123867?
False
Is 1244424066 a multiple of 815?
False
Is 1845030869 a multiple of 11?
True
Is 275825838 a multiple of 611?
False
Is 29 a factor of 712593510?
True
Does 298 divide 53299749?
False
Is 1339 a factor of 87680208?
False
Does 1736 divide 171441170?
False
Does 372 divide 88767291?
False
Is 7812558 a multiple of 31?
True
Is 52492885 a multiple of 25?
False
Is 190714888 a multiple of 52?
True
Does 20 divide 104067800?
True
Is 46444681 a multiple of 456?
False
Is 2116 a factor of 227215994?
False
Does 654 divide 33395443?
False
Is 3211 a factor of 674403746?
False
Does 20 divide 36949929?
False
Is 69212238 a multiple of 6?
True
Is 34 a factor of 38208656?
True
Is 21780030 a multiple of 1561?
False
Is 64 a factor of 1675389888?
True
Is 258348272 a multiple of 104?
True
Does 15 divide 158460405?
True
Is 3237486324 a multiple of 16014?
True
Is 2156607926 a multiple of 8107?
True
Is 87 a factor of 49873185?
True
Does 1738 divide 173199115?
False
Is 9 a factor of 11164509?
True
Is 926565120 a multiple of 115?
True
Does 29 divide 3333088232?
False
Is 12 a factor of 3741695?
False
Does 4 divide 136483380?
True
Is 5641667 a multiple of 3?
False
Is 1691 a factor of 132988318?
False
Is 78 a factor of 66650688?
True
Is 129 a factor of 1315816189?
False
Is 396918505 a multiple of 29?
True
Is 53315204 a multiple of 222?
False
Does 28 divide 320582108?
True
Is 1806670 a multiple of 7?
False
Is 574104833 a multiple of 154?
False
Does 8 divide 2702229?
False
Is 1507 a factor of 572599799?
False
Does 152 divide 319764428?
False
Is 237 a factor of 20431296?
True
Is 722453232 a multiple of 2874?
False
Is 56181515 a multiple of 17?
True
Does 96 divide 2186496?
True
Does 16 divide 10105464?
False
Is 309065096 a multiple of 1957?
True
Does 551 divide 5570196?
False
Is 15 a factor of 17397662?
False
Is 702329500 a multiple of 10?
True
Is 302065632 a multiple of 1584?
True
Is 330540151 a multiple of 421?
True
Is 133737001 a multiple of 29?
False
Is 1410 a factor of 30807090?
True
Is 141 a factor of 37179867?
True
Is 6594 a factor of 480323696?
False
Is 27901504 a multiple of 36?
False
Is 27 a factor of 1200762358?
False
Is 18 a factor of 737550000?
True
Is 43 a factor of 303928689?
False
Does 741 divide 12772768?
False
Is 5 a factor of 26121883?
False
Does 477 divide 1209672?
True
Is 1312972423 a multiple of 7?
True
Is 9598057 a multiple of 618?
False
Is 132 a factor of 52129683?
False
Is 1418008 a multiple of 361?
True
Is 8163362 a multiple of 25?
False
Is 94 a factor of 1286766?
True
Is 159193624 a multiple of 113?
False
Does 26 divide 57515848?
True
Does 820 divide 164813269?
False
Is 262638040 a multiple of 245?
True
Is 7 a factor of 9981333?
False
Is 24715278 a multiple of 63?
True
Is 226 a factor of 1359620746?
True
Is 298800981 a multiple of 24?
False
Is 1599 a factor of 126768720?
True
Is 15 a factor of 1984725?
True
Is 1559 a factor of 132857980?
True
Is 321 a factor of 35418501?
False
Is 442 a factor of 96223400?
True
Is 442928755 a multiple of 302?
False
Does 10 divide 39150164?
False
Is 985 a factor of 16968595?
True
Does 684 divide 31225339?
False
Does 2330 divide 456050900?
True
Is 35060309 a multiple of 121?
False
Is 384 a factor of 73627943?
False
Is 842 a factor of 37883522?
False
Does 10 divide 981781957?
False
Does 1022 divide 5187672?
True
Does 11 divide 106260649?
True
Does 73 divide 10177660?
True
Does 28 divide 190130304?
True
Does 51 divide 9109314?
True
Is 133 a factor of 141663753?
True
Is 233947062 a multiple of 149?
False
Is 2061 a factor of 635177210?
False
Does 126 divide 4013856?
True
Is 678669813 a multiple of 78?
False
Does 11 divide 1021911220?
True
Is 221283440 a multiple of 40?
True
Is 5181831 a multiple of 22?
False
Does 92 divide 11063184?
True
Does 76 divide 31230069?
False
Does 115 divide 188115519?
False
Is 1962 a factor of 676774154?
False
Does 4710 divide 4252823850?
True
Is 3 a factor of 13275612?
True
Does 2 divide 17587589?
False
Is 280013779 a multiple of 1341?
False
Is 4 a factor of 90586668?
True
Is 25026158 a multiple of 5?
False
Is 150299413 a multiple of 11?
True
Does 1381 divide 9962534?
True
Does 5 divide 79508910?
True
Is 476 a factor of 348523564?
False
Does 477 divide 1167021497?
False
Is 23331583 a multiple of 354?
False
Is 58142936 a multiple of 67?
False
Is 46 a factor of 892444?
False
Is 1254 a factor of 615737932?
False
Is 645 a factor of 1637253852?
False
Is 28 a factor of 3122074433?
False
Is 10 a factor of 120908050?
True
Is 325554765 a multiple of 4?
False
Is 42 a factor of 863484?
False
Is 327 a factor of 247199901?
True
Is 324 a factor of 2480686236?
True
Does 33 divide 1047563055?
True
Does 51 divide 305252901?
True
Does 244 divide 22557312?
True
Is 73 a factor of 17114339?
True
Is 233 a factor of 43148329?
False
Is 1270914503 a multiple of 282?
False
Does 1582 divide 42214088?
True
Is 16 a factor of 320149848?
False
Is 49096896 a multiple of 72?
False
Does 10 divide 19858050?
True
Is 7 a factor of 12572694?
False
Does 32 divide 21509487?
False
Is 516 a factor of 746039585?
False
Is 2081646296 a multiple of 1047?
False
Is 2473 a factor of 80942420?
False
Is 5514691 a multiple of 67?
False
Does 3560 divide 1725154663?
False
Does 346 divide 572045983?
False
Does 20 divide 102635520?
True
Is 124 a factor of 29280492?
True
Is 39932072 a multiple of 76?
True
Is 99927703 a multiple of 658?
False
Is 13786908 a multiple of 421?
True
Does 1181 divide 581612418?
False
Is 7903704908 a multiple of 57?
False
Is 19012047 a multiple of 6?
False
Does 44 divide 46695600?
False
Does 123 divide 307107753?
True
Is 94250804 a multiple of 321?
False
Is 342 a factor of 14314068?
True
Is 9368406 a multiple of 18?
True
Does 144 divide 149503618?
False
Is 26 a factor of 1799356705?
False
Is 1725 a factor of 774207315?
False
Is 34623695 a multiple of 700?
False
Does 78 divide 283686?
True
Does 16 divide 144439376?
True
Is 202815497 a multiple of 15?
False
Does 17 divide 8730520?
True
Does 6793 divide 156008038?
True
Is 36 a factor of 1745286689?
False
Is 114 a factor of 87476304?
True
Is 113753267 a multiple of 6944?
False
Is 46773671 a multiple of 10?
False
Is 11 a factor of 22230023?
False
Is 280 a factor of 1523955?
False
Does 15 divide 266678182?
False
Does 253 divide 53065232?
True
Does 760 divide 5818839?
False
Is 8 a factor of 600937645?
False
Is 49206916 a multiple of 661?
False
Is 3770665996 a multiple of 3118?
True
Is 23469281 a multiple of 16?
False
Does 76 divide 29131300?
False
Is 20 a factor of 266267860?
True
Is 170459501 a multiple of 326?
False
Is 621052770 a multiple of 1443?
True
Does 87 divide 167956284?
True
Is 1457 a factor of 11634145?
True
Does 40 divide 55467680?
True
Is 52552446 a multiple of 216?
False
Does 28 divide 229318168?
False
Is 1693 a factor of 16489820?
True
Is 817 a factor of 2915113?
False
Does 8 divide 51582032?
True
Is 523383554 a multiple of 866?
True
Is 309160747 a multiple of 106?
False
Is 156 a factor of 1347555131?
False
Is 553960 a multiple of 20?
True
Does 117 divide 20831788?
False
Does 1638 divide 2429505475?
False
Does 582 divide 28437684?
True
Is 12 a factor of 31736373?
False
Does 236 divide 68404600?
True
Is 3669036 a multiple of 30?
False
Does 5873 divide 180801408?
False
Is 652844794 a multiple of 1840?
False
Is 327 a factor of 109538460?
True
Does 93 divide 5412050?
False
Is 569 a factor of 1318126623?
True
Does 78 divide 1415806?
False
Is 65922584 a multiple of 581?
True
Does 395 divide 1119998736?
False
Is 2036 a factor of 2289005576?
True
Is 2567 a factor of 788623257?
False
Is 15338076 a multiple of 13?
True
Is 271198314 a multiple of 986?
True
Is 25 a factor of 229309275?
True
Does 13 divide 3155732766?
False
Is 33748010 a multiple of 10?
True
Is 15 a factor of 24515853?
False
Is 68293957 a multiple of 630?
False
Does 3 divide 194707659?
True
Does 82 divide 39033394?
True
Does 135 divide 984473730?
True
Is 22 a factor of 987790562?
True
Is 162 a factor 